 c is divided by 22.
14
Suppose -1073 = 77*b - 106*b. What is the remainder when 103 is divided by b?
29
Let m(v) = 2*v**2 - 6*v - 71. Calculate the remainder when m(-7) is divided by 14.
13
Suppose 0*p + p = 5. Let a be 0*((-3)/(-2) - (-5 - -7)). Suppose j - 1 - p = a. What is the remainder when 22 is divided by j?
4
Suppose 0 = m + v + 3*v - 148, 0 = 2*m + 4*v - 316. What is the remainder when m is divided by 19?
16
Let r(p) = 76*p**2 - 2*p - 1. Suppose -4*x = -34 - 46. Calculate the remainder when r(-1) is divided by x.
17
Suppose 7*q - 2*q - 95 = 0. Let k(v) = 2*v - 9. What is the remainder when q is divided by k(9)?
1
Suppose 2*c + 4*w + 404 = 8*w, -w + 596 = -3*c. What is the remainder when 21 is divided by 4/6 + c/(-27)?
5
Suppose 7*o + 0*o - 336 = 0. What is the remainder when 476 is divided by o?
44
Let k = 65 + -125. Let g = 65 + k. Calculate the remainder when 12 is divided by g.
2
Suppose 4*b + s - 103 = 0, -31*b + 30*b + 5*s = -52. Calculate the remainder when 311 is divided by b.
14
Let j(o) = -o**2 + 8*o + 1. Let d(h) = -3*h**2 + 17*h + 19. What is the remainder when d(6) is divided by j(7)?
5
Let u = 866 + -817. What is the remainder when 435 is divided by u?
43
Suppose 2*v = 3*m + 1, -5*m - v = -5*v - 1. Suppose 30 = x + 4*x. Let p = x + m. Calculate the remainder when p is divided by 1.
0
Let u = -37 - -61. Let a be (4/(-16))/(5/(-80)). Suppose -b + a*b = u. Calculate the remainder when 31 is divided by b.
7
Let q(u) = -2*u**3 - u**2 - u. Let p(r) = r + 1. Let g be p(-2). Let f be q(g). Suppose f*w - 7 = 19. What is the remainder when 51 is divided by w?
12
What is the remainder when (2*4/(-5))/(18/(-630)) is divided by 34?
22
Let k be (-4)/(-10) - (-38)/5. Suppose 3*g + 75 = k*g. What is the remainder when (-168)/10*30*(-10)/90 is divided by g?
11
Suppose 0 = 3*a + 5*f - 956, 2*f - 3*f - 332 = -a. Calculate the remainder when a is divided by 28.
19
Suppose 3*q - 5*q = -14. Suppose -121 + q = -3*x. Suppose -56 = -8*d + 24. Calculate the remainder when x is divided by d.
8
Let d = 580 + -344. Suppose 0*s = -4*s + d. Let l(u) = -u**2 + 9*u - 2. What is the remainder when s is divided by l(7)?
11
Suppose 0 = -p - 3*d + 13, -5*p + 18 = d - 19. Let r = -4 + p. Suppose -r*y + 106 = -140. What is the remainder when y is divided by 21?
19
Suppose 157 = 3*m + 7. Suppose 41 - m = -y. Calculate the remainder when 13 is divided by y.
4
Let u(h) = 2*h**2 + h + 1. Let d(c) = -c**2 + 3*c - 1. Let q be d(2). Calculate the remainder when 54*((-8)/(-6) - q) is divided by u(2).
7
Let k(z) = 63*z + 653. Suppose -2*p + 54 = 2. What is the remainder when p is divided by k(-10)?
3
Suppose -3*n - n = -24. Suppose 44 = 3*b - 5*a, -6 + 2 = a. What is the remainder when b is divided by n?
2
Let d be (-1)/(((-4)/(-22))/2). Calculate the remainder when (-1 + -1)*d/2 is divided by 1/(680/56 + -12).
4
Suppose 4*t - 3*p + 9 = -38, 3*t + 2*p = -14. Let c = t - -11. Suppose -8*q + 10 = -c*q. What is the remainder when 3 is divided by q?
1
Suppose -n + 14 = -5*c, c - 10 = 3*n + 4. What is the remainder when 47 is divided by 3 - (-12 - (n - -3))?
11
Calculate the remainder when (-64)/(-3)*(-18)/(-12) is divided by 85/8 + (-36)/(-96).
10
Let k(h) = h**2 - 17 - 2*h**2 - 3 - 87*h + 99*h. Calculate the remainder when 33 is divided by k(8).
9
Suppose -39*n - 99 = -1581. Calculate the remainder when 721 is divided by n.
37
What is the remainder when (7 + 20/(-3))*390 is divided by 44?
42
Let m be (-3)/12 - 274/(-8). Suppose -3*p = -4*d - 68, -5*d = -d + 5*p + 68. Let r = d + m. Calculate the remainder when r is divided by 4.
1
Suppose -u - 4 = -6. Let i = u - -11. Calculate the remainder when 22 is divided by i.
9
Let i = -41 - -58. What is the remainder when 0 + -1 + 153 + 0 is divided by i?
16
Let x(j) = j**2 - 5*j + 4. Let o be x(6). Let y = 16 - o. Calculate the remainder when 22 is divided by y.
4
Suppose 0 = -39*j + 43*j. What is the remainder when (j - 1)*(12/4 - 14) is divided by 6?
5
Let x = -26 - 5. Let f = 32 + x. Calculate the remainder when 4 is divided by f.
0
Suppose 0 = -n + 5*w - 329 + 386, 2*n - 114 = -2*w. Calculate the remainder when n is divided by 27/(-6)*(-16)/6.
9
Suppose 16*v - 15*v - 177 = 0. Let t = -110 + v. What is the remainder when t is divided by 35?
32
Let d = 275 + -248. Calculate the remainder when 103 is divided by d.
22
Let x be 10 + 3/(3/2). What is the remainder when (2 + (2 - -9))*1 is divided by (-1 - 0)/((-3)/x)?
1
Suppose 4*i - 4*w = -24, -2*w + 3 = 4*i + 21. Let v = i - -5. Suppose -3*a = -q + a + 9, -a + 5 = v. Calculate the remainder when q is divided by 16.
13
Let t = 11 + -9. Suppose 4*q + 16 = t*q. Let w(k) = -6*k. Calculate the remainder when w(q) is divided by 25.
23
Let m(a) = 2*a**3 - 4*a**2 + 11*a - 48. Calculate the remainder when m(5) is divided by 28.
17
Let w = 3 + 7. Let q = -62 - -48. Calculate the remainder when 7 is divided by ((-8)/w)/(q/35).
1
Suppose -5*s = -6*s - 3*z + 28, -4*z + 60 = 2*s. Let x(y) = y**3 - 7*y**2 + 11*y + 7. What is the remainder when s is divided by x(5)?
10
Suppose -5*a = 2*x - 3, a = -2*x - a + 6. What is the remainder when 18 is divided by x?
2
Suppose 2*c = 5*x + 11, 5*c = -0*x - 2*x + 13. Calculate the remainder when 6 is divided by c.
0
Let d(t) = 9*t**2 + 4*t + 105. Calculate the remainder when d(-6) is divided by 29.
28
Let l = -90 + 138. Let a = -15 - 3. Let n = a + l. Calculate the remainder when n is divided by 16.
14
Let p = -1049 + 1055. What is the remainder when 333 is divided by p?
3
Suppose 2 = 2*z - 5*h - 30, 5*z = 4*h + 97. Calculate the remainder when 57 is divided by z.
15
Calculate the remainder when (-4)/(-3)*351/52 - -4 is divided by 8.
5
Let q(b) = 3*b**2 - 3*b + 4. Let x be q(3). Suppose -6*z + x + 8 = 0. Suppose -5 = -z*o + 50. Calculate the remainder when o is divided by 7.
4
Let i(q) = q + 11. Let c be i(-6). Calculate the remainder when (-1)/c + 391/5 + -3 is divided by 26.
23
Calculate the remainder when 52 is divided by (88/33 + -4)/((-2)/9).
4
Calculate the remainder when ((-1)/1)/1*-127 is divided by 45.
37
Suppose -h + 11*t + 14 = 15*t, -h + 14 = 2*t. What is the remainder when (161/28)/((-1)/(-4)) is divided by h?
9
Suppose 144*p = 142*p + 106. Calculate the remainder when p is divided by 13.
1
Let j = 1181 + -678. What is the remainder when j is divided by 63?
62
Let n = 6 + 59. Let o be -1 - -2*6/4. Let d(s) = 4*s**2 + 1. What is the remainder when n is divided by d(o)?
14
Suppose -5*f = 2*o - 4455, 6*f - 5*o = 11*f - 4440. Calculate the remainder when f is divided by 64.
61
Let r(i) = 13*i - 31. Suppose -4*n + 2 = -3*n. Let w(u) = 4*u - 10. Let q(z) = n*r(z) - 7*w(z). Calculate the remainder when q(-10) is divided by 6.
4
What is the remainder when ((-24)/4)/((-6)/70) is divided by 18?
16
Let w = 1710 - 1131. What is the remainder when w is divided by 14?
5
Let o = -2 + 5. Let j(v) = 2*v**3 + 8*v**2 - 28*v - 90. What is the remainder when j(-3) is divided by o?
0
Let t(c) = 3*c**2 - 16*c + 28. What is the remainder when 159 is divided by t(5)?
21
Suppose 2*p + 4 = 26. Let u be 1 + 31 + 13 + -9 - 3. Let v = 74 - u. What is the remainder when v is divided by p?
8
Suppose 580 = 2*w - 160. Calculate the remainder when w is divided by 96.
82
Suppose -5*o + o - 4*i = -184, -o = -i - 38. What is the remainder when o is divided by 12?
6
Let s(w) = -24*w - 38. Suppose 2 - 5 = 3*d. Let o(y) = 19*y**2 + 2*y + 1. What is the remainder when s(-3) is divided by o(d)?
16
Suppose 4 = 64*a - 68*a, 0 = k + 3*a - 42. What is the remainder when 108 is divided by k?
18
Suppose 22*w - 84 = -5*a + 21*w, -5*w - 60 = -5*a. Calculate the remainder when (1*79*1)/1 is divided by a.
15
Let g(z) = -49*z**3 + 3*z**2 + 2*z + 2. Let c be g(-2). Suppose -4*a - a + c = 3*p, 4*p = 16. What is the remainder when a is divided by 20?
18
Let p = 104 + -44. Let m = p + 98. Let w = 8 + 32. What is the remainder when m is divided by w?
38
Suppose 5*q + 63 = -4*k, 0 = -2*k - 6*q + 2*q - 36. Let u(j) = -21*j + 1. Let a be u(2). Let b = k - a. Calculate the remainder when b is divided by 8.
5
What is the remainder when 43 is divided by 2/8 - 5564/(-208)?
16
Suppose 0 = -2*m + 26. Let t(i) = 16*i + 37 + 1 - 10*i - 4*i. Calculate the remainder when t(0) is divided by m.
12
Let f(d) = -12